 6*t - 8 = 2*t. Suppose -2*p + 6 = -3*w, t*p - 5*w - 1 - 5 = 0. Let m(a) = a - 1. Calculate m(p).
2
Let n(s) = 11*s**2 + 8*s - 4. Let m(r) = -30*r**2 - 24*r + 15. Let g(y) = 3*m(y) + 8*n(y). Determine g(-6).
-11
Let s(l) = l - 15. Suppose -137*t = -145*t. Give s(t).
-15
Let y(u) = -u**3 - 4*u**2 + 1. Suppose 3*q + 15 = -2*k, 6*q = -5*k + q - 25. Let a(f) = -f**3 + f**2 + 4*f - 4. Let v be a(k). Give y(v).
1
Suppose -4 - 89 = -31*n. Let w(c) be the third derivative of -5/6*c**n + 1/24*c**4 + 0 + 0*c + 5*c**2. Give w(0).
-5
Let i(p) = -2*p**2 + 5*p. Let k(x) = 3*x**3 - 7*x**2 + 7*x. Let u(d) = -7*d**3 + 15*d**2 - 15*d. Let l(h) = 5*k(h) + 2*u(h). Let b be l(4). Give i(b).
-12
Let w(m) = -m**3 + 11*m**2 + 5. Let u be w(11). Let n(p) = 5*p + 1. Let q(f) be the first derivative of -2*f**2 - 1. Let o(v) = u*n(v) + 6*q(v). What is o(4)?
9
Suppose -g - 7*g + 16 = 0. Let r(y) = 7 + 2*y**2 - 8*y**2 - 12*y + 5. Let p(h) = -h**2 - h + 1. Let m(u) = -9*p(u) + r(u). What is m(g)?
9
Let l(d) = 11*d + 52 + d**2 - 20 - 23 + 10. Give l(-9).
1
Let i(q) be the third derivative of -q**6/120 - 4*q**3/3 + 124*q**2. Determine i(0).
-8
Let a(b) = 2795 - 933 - 928 - 2*b - 931. Calculate a(0).
3
Let r(s) = s**2 + 4*s + 9. Let n = -2052 - -2044. What is r(n)?
41
Let r(b) = 4 + 9*b - 2*b - 3*b. Suppose 2*y + 14 = -4*w, -21*y = 3*w - 20*y + 11. What is r(w)?
-12
Let c = 41 - 25. Let s = c + -11. Let y(g) = 0 + 0 + s - 1 + 2*g. What is y(-3)?
-2
Let i = -56 + 53. Let u = 5 + -5. Let d(c) = 1 + u*c + 2*c - 4*c. Calculate d(i).
7
Suppose 9 = 2*c + 3. Suppose -g - 6*d + 3*d + 8 = 0, -c*g - 28 = -4*d. Let k(h) = h + 3. Give k(g).
-1
Let w = 48 - 41. Suppose 0 = -a + 3*j - 10 - w, -2*a - 30 = -5*j. Let v(c) = c**2 + 6*c + 7. What is v(a)?
2
Let i be 4 + 1*(-189)/9. Let a(x) = x**2 + 17*x. Give a(i).
0
Let k(l) = -l**3 + 7*l**2 + 11*l - 20. Let g be (-966)/(-119) + 14/(-119). Give k(g).
4
Let x(r) = r**2 - 7*r + 7. Suppose -2*j - 8 = 0, -39*i + 2*j - 2 = -41*i. Determine x(i).
-3
Let l(w) = -9*w**2 - 10*w + 14. Let c(i) = -i**2 - 2*i + 1. Let d(t) = 8*c(t) - l(t). Suppose 0 = -3*a - 5*o - 0*o, -5*o - 5 = 2*a. Calculate d(a).
-11
Let f(p) be the second derivative of -p**5/20 - 7*p**4/12 - 4*p**3/3 - 3*p**2 + 81*p. Give f(-6).
6
Let z(w) = -2*w**2 + 3*w - 4. Let p = 239 - 236. Determine z(p).
-13
Suppose -4*n + 8*n = 520. Suppose 0 = -125*k + n*k + 25. Let y(w) = w**2 + 7*w + 7. Give y(k).
-3
Suppose -7*a = -8*a. Let j(y) = y**2 - 3*y + a + 7 - 6. Calculate j(3).
1
Let w = -279 - -296. Let q be ((-2)/(-4))/((-3)/(-24)). Let g(n) = -15*n + w*n - 3 - q*n. Give g(-4).
5
Let x(t) be the third derivative of t**4/12 + 7*t**3/6 - 129*t**2. Determine x(11).
29
Let d = 7 - 3. Suppose c + 17 = -2*c + d*r, 4 = -c + r. Let w(o) = -88*o + 41*o + 98*o**2 - 93*o**2 + 47*o. Calculate w(c).
5
Let c(w) = 2*w**3 + w**2 - w + 1. Let i(r) = 5*r**3 - r**2 + r - 1. Let q(z) = 3*c(z) - i(z). What is q(-4)?
20
Let n(u) = u**3 + 6*u**2 + 7*u + 4. Let l = 31 - 25. Suppose 0 = 3*j - 5*a - 13, 3*j = 2*a - l*a - 32. Give n(j).
8
Let t(j) = j**3 - 16*j**2 + 14*j - 22. Suppose 1982 = 144*z - 178. Give t(z).
-37
Let w be (-11)/2 - (-105)/70. Let b(c) = -4*c + 3. Determine b(w).
19
Let w(x) be the first derivative of -x**3/3 - 3*x**2 + x + 52. Determine w(-5).
6
Let f(n) = n**2 + 5*n + 3. Let o(s) = -s + 1. Let y(m) = f(m) + 2*o(m). Let u be y(-3). Let p(j) = -j**3 + 6*j**2 - 5*j + 6. Determine p(u).
6
Let z(y) = y**3 + 4*y**2 + 3*y + 2. Let o be z(-3). Suppose o*m = 5*m - 33. Let h = -9 + m. Let n(q) = 2*q**2 - 4*q + 2. Determine n(h).
2
Suppose 4*u - 12 = 0, 3*u - 7 = 4*d + 2*u. Let t(w) = w - 1. Let n be t(1). Let m(p) = -3 - 3 + n*p + 5 - 2*p. What is m(d)?
1
Suppose r = -0*r - 3*c - 1, -3*r - 4*c + 2 = 0. Let p(n) = 3*n**r - 485 + 485 - 3*n. Calculate p(2).
6
Let c(q) = -q**2 - 6*q + 4. Let n = 525 + -533. Determine c(n).
-12
Let o(s) = -29*s - 22. Let a(t) = -7*t - 5. Let f(l) = 9*a(l) - 2*o(l). Let c = 7 - 10. Calculate f(c).
14
Let r = -64 - -68. Let g be ((-5)/(-20) - (-11)/r)/1. Let z(q) = -3*q + 4. What is z(g)?
-5
Let t(m) = 13*m + 41. Let z(l) = l - 20. Let r be z(11). Let k be 3*r/(-1 - -4). Let a(v) = -3*v - 10. Let c(f) = k*a(f) - 2*t(f). What is c(-6)?
2
Let i(l) = -l**2 + 13*l - 13. Suppose 39 = 20*j - 1. Let w be 1 + 1 + 11 - j. Calculate i(w).
9
Let o = 4 - 0. Let v(l) = l**3 - 3*l**2 - 8*l + 10. Let p be v(o). Let r(t) = -t**3 - 7*t**2 - 6*t + 8. Calculate r(p).
8
Let o = -50 + 41. Let t(v) = v**2 + 11*v + 7. Calculate t(o).
-11
Let u(f) = f**3 - 9*f**2 - 4*f + 5. Let a = 59 + -58. Let y(i) = -i**2 + i. Let g(j) = a*u(j) - 4*y(j). Give g(6).
-7
Let c(o) = -o**3 + 5*o**2 + 3*o - 6. Let y(q) = q**3 - 37*q**2 - 36*q - 71. Let h be y(38). What is c(h)?
9
Let u(m) = m - 2. Suppose 4 = 3*j - j. Suppose 2*r + j*t - 20 = 0, 3*t = 5*r + t - 15. Suppose -r*i + 3 + 7 = 0. Give u(i).
0
Let g(t) = -4*t + 3. Let d(w) = -w**2 - 6*w + 21. Let h be d(-11). Let p = 30 + h. Calculate g(p).
19
Let g(v) = -4*v**2 + 5*v - 7. Suppose 25*w + 80 = 41*w. Give g(w).
-82
Suppose 2*f = 3*s - 17, -6*s + 5*f = -7*s + 17. Let w(x) = 4*x**2 + x**2 - x**2 - 2 - 3*x**2 - 7*x. Calculate w(s).
-2
Let j(a) = -a**3 + 2*a**2 - a + 5. Let i(m) be the first derivative of 3*m**4/4 - 5*m**3/3 + m**2/2 - 11*m - 13. Let b(p) = 2*i(p) + 5*j(p). What is b(-3)?
-15
Suppose 5*s - 31 = -2*c, -s = 5*c - 83 - 6. Suppose w + c = 3*w. Let n(h) = h**3 - 8*h**2 - 9*h + 7. Determine n(w).
7
Let i(s) = -3*s - 4. Let j be -3*(-5)/((-60)/(-8)). Suppose g = 3 - j, p + g - 5 = 0. Suppose 16 - p = -4*z. What is i(z)?
5
Let r(y) = y**3 + 10*y**2 - y - 8. Let g be r(-10). Let a(t) = 2*t**2 + 16 + 28*t**3 - 14 - 29*t**3 - 2*t. Give a(g).
-2
Let v(s) = s**3 + 6*s**2 + 7*s + 3. Suppose -19*q = -75*q - 224. Calculate v(q).
7
Let h(g) = g**3 + 2*g**2 - 3*g + 1. Let r be h(-3). Let j be -1 + (4/(-2) - r). Let n(o) = -o - 7. What is n(j)?
-3
Let m(o) = -o**3 - 2*o - 3. Suppose -21*t - 9*t - 60 = 0. Give m(t).
9
Let h(q) = -2*q + 3. Let p(s) = -38*s + 45. Let n be p(1). What is h(n)?
-11
Let b(l) = 2*l - 3. Let j(a) = -1. Let p(q) = b(q) - 3*j(q). Calculate p(-6).
-12
Suppose -a + 4*a = -12. Let w(c) be the second derivative of -1/2*c**2 - 5/12*c**4 - 1/20*c**5 + 2*c - 5/6*c**3 + 0. What is w(a)?
3
Let h(z) = 2 + 68*z**2 - 69*z**2 + 8 - 15 - 6*z. What is h(-9)?
-32
Let j(h) be the first derivative of h**6/24 - h**5/120 + 59*h**3/3 + 7. Let i(r) be the third derivative of j(r). Determine i(1).
14
Let b(u) be the third derivative of -u**4/24 + u**3/2 - 100*u**2 - 2*u. Give b(6).
-3
Let h(z) be the second derivative of z**5 - z**4/12 + z**3/3 - z**2/2 - 3*z - 1. Give h(1).
20
Let l(a) be the third derivative of -a**7/120 + a**6/720 - 23*a**4/24 + 30*a**2. Let t(f) be the second derivative of l(f). What is t(-1)?
-22
Suppose 0 = 47*j - 43*j. Let y = 12 - 11. Let z(m) = 2*m + 7. Let v(p) = p - 1. Let b(h) = y*v(h) - z(h). Determine b(j).
-8
Let h(j) = 2*j**2 + 7*j - 2. Suppose -3*m = 3*t + 6, 2*t + 2 = -5*m + 4. Calculate h(t).
2
Let h(d) be the third derivative of -d**6/60 - 2*d**5/15 + d**4/8 - 2*d**3/3 - 2*d**2 - 19. Calculate h(-4).
-16
Let q(d) = 7*d + 7. Let o = -109 + 115. What is q(o)?
49
Let v = 73 + -69. Suppose 2*z + 2*g = g + v, -5*g + 20 = -3*z. Let h(a) be the third derivative of -a**6/120 - a**4/24 + 2*a**3/3 - a**2. Calculate h(z).
4
Let o(k) = k. Let g(a) = a**2 - 4*a - 4. Let w(m) = g(m) + 5*o(m). Suppose 0 = -5*t + 8*t + 12. What is w(t)?
8
Let v(a) be the first derivative of 4*a**2 - 84. Give v(2).
16
Let d(u) be the second derivative of -u**3/6 - 4*u**2 + 266*u. Calculate d(6).
-14
Let y(x) be the third derivative of x**5/30 + x**4/8 - 5*x**3/6 - 52*x**2 + 3*x. What is y(2)?
9
Let k(s) = s**3 + s**2 - 9*s - 1. Let d(g) = g**3 + g**2 - 10*g - 1. Let i(f) = 6*d(f) - 7*k(f). Let r be 204/28 - 4/14. Suppose -r*z = -8*z - 2. Give i(z).
-1
Suppose -5*i + q + 0 - 11 = 0, -2*i = 3*q + 1. Let l be (5/(-2))/(i/20). Let w be (12/4)/((-15)/l). Let n(a) = 4*a + 5. Give n(w).
-15
Let m(n) be the first derivative of -3*n**2/2 + 5*n + 60. Calculate m(0).
5
Let y(w) be the second derivative of -w**5/20 + w**4/3 + w**3/2 + w**2 + w. Suppose -2*c - 3 = -c, 0 = 4*o + 2*c - 102. Let q = o + -22. Give y(q).
-8
Let w(r) = r**2 + 8*r + 3. Let n(p) = p**2 - 39*p + 14*p +